 Let v(w) = -6*w**c - 1 - 2*w**3 + 3*w**3 + 0*w**2. Determine v(6).
-1
Let b(v) = -2*v. Let m be (3/(-4))/(21/84). Give b(m).
6
Let l be 0 + ((-6)/3 - -3). Let y(p) = -2 - 2*p + 12*p**2 + l + 2*p. Calculate y(1).
11
Let b(p) = -p**2 + 11*p + 6. Let o be b(8). Suppose 2*y - 2*i - 8 = 0, -3*y - o = 5*i - 2. Let h(q) be the first derivative of q**3 - 2. What is h(y)?
3
Let v be -2*(-3)/12*8. Let x(p) = p + 1. Determine x(v).
5
Let f(u) = -u**3 - 9*u**2 - 8*u - 2. Let j be f(-8). Let a be -2 + ((-18)/j)/(-3). Let m(p) = p**2 + 5*p - 5. Give m(a).
-5
Let f be 8/(-12)*(1 - 4). Let b = f - -2. Let n = -1 + b. Let i(a) = 2*a - 2. Calculate i(n).
4
Let n(w) be the first derivative of w**2/2 + 2*w + 6. Give n(5).
7
Suppose t = -4*u + 5, -25 = 5*u - 8*t + 3*t. Let d(k) be the second derivative of -1/20*k**5 + 1/2*k**2 - 1/12*k**4 + 1/3*k**3 - k + u. What is d(-2)?
1
Let w be (-30)/(-24)*4 + -12. Let z(r) = -r**2 - 8*r - 1. What is z(w)?
6
Let k(x) = -1 - x - 3*x + 2*x. Let i = -89 - -88. What is k(i)?
1
Let b(o) = -o**2 - o + 12. Let c be b(0). Let u be (7/14)/((-2)/c). Let r be (u/6)/(2/(-12)). Let v(k) = -4*k + 4. What is v(r)?
-8
Let l(t) = -22*t + 6*t + 0 + 1 - 3*t. Calculate l(1).
-18
Let b(q) = q - 7. Let f(k) = -2*k + 13. Let l(t) = 9*b(t) + 4*f(t). Give l(0).
-11
Let d(r) be the first derivative of r**3/3 + 2*r**2 + r - 2. Let h(a) = -3*a**2 - 11*a - 3. Let k(g) = 17*d(g) + 6*h(g). Determine k(1).
0
Suppose -2*h - 2*h = 0. Let g(y) = -1 + 0 - y + h. Let b be (3 - 2 - 1) + -4. Give g(b).
3
Let q(d) be the first derivative of -d + 4. Let c(l) = -l**2. Let f(w) = -w - 8. Let m be f(-9). Let v(r) = m*c(r) + 3*q(r). What is v(0)?
-3
Let p(d) = -3*d + 5. Let v(u) = -11*u. Let q(m) = 3*m + 1. Let g be q(1). Let w(a) = 5*a. Let o(l) = g*v(l) + 9*w(l). Let b be o(5). Give p(b).
-10
Let n(m) be the second derivative of -3*m**7/280 + m**4/24 - m**3/2 + 5*m. Let d(p) be the second derivative of n(p). Calculate d(-1).
10
Let l(h) = 2*h - 3. Let q = 5 + -2. Let a be l(q). Let j(s) = -3*s + a*s + 2 - 3*s + 2*s. Calculate j(5).
-3
Let m(c) = -c**3 - c**2 - c - 2. Let v(u) = -u - 20. Let j be v(-22). What is m(j)?
-16
Let n(r) = r. Let y(w) be the second derivative of -w**2 - 2*w. Let f(u) = 2*n(u) - y(u). Let g be (-56)/26 - 18/(-117). Calculate f(g).
-2
Let z(n) = 0*n**2 - 3*n**2 + 5*n + 6 - 2*n**2 - 4*n**2. Let v(g) = 8*g**2 - 4*g - 5. Let a(l) = -5*v(l) - 4*z(l). Give a(-1).
-3
Let p = 87 + -88. Let n(y) = -y**3 - 2*y**2 + 1. Calculate n(p).
0
Let d(t) = 3*t + 3. Let z(y) = -5*y - 4. Let j(q) = -8*d(q) - 5*z(q). Let m(f) = -1 - 3 + 3 - f + 5. Let i(p) = -4*j(p) - 5*m(p). Calculate i(0).
-4
Let j(m) = -2*m + 2. Let o(w) = 3*w - 19. Let h be o(5). Determine j(h).
10
Suppose -2*q - 2*q + 24 = 0. Let w = 0 - q. Let x = 8 + w. Let u(r) = -2*r + 3. What is u(x)?
-1
Let c be 0*(-1)/(-2) + -1. Let n(d) = 5*d**2 - 6*d + 1. Let b(k) = -6*k**2 + 7*k - 1. Let s(o) = 6*b(o) + 7*n(o). What is s(c)?
0
Let g(t) = -t**3 - 5*t**2 + 6*t + 3. Let r = -15 - -9. Let q be g(r). Let k(s) = 5*s - 6*s**2 - 6 - 3*s**3 + 1 + 5*s**3 - s**q. Give k(5).
-5
Let l(y) = -3*y + 4*y + 5*y + 2. Give l(-3).
-16
Suppose 4*v - 12 = -0, 0 = 2*d + 2*v - 4. Let z(p) be the second derivative of -2*p**3/3 - p. Give z(d).
4
Let v(w) = -w**2 + 5*w + 2. Let k(b) be the second derivative of -b**3/6 + 2*b. Let o be k(0). Suppose -2*t + 6 = -3*t + 2*c, t + c - 9 = o. What is v(t)?
6
Let u(i) = i**3 + 7*i**2 - i - 2. Let n be u(-7). Let z(a) = -a**2 + 5*a - 3. What is z(n)?
-3
Suppose 0*c + 45 = -5*c. Let p(d) = -d**3 - 9*d**2 + d + 12. Determine p(c).
3
Let m be -3*3/(-9)*3. Let z be (-33)/(-12) + m/12. Let v(w) = w**3 - 2*w**2 - 3*w - 1. Calculate v(z).
-1
Let p(c) = -2*c. Suppose 44 = 5*w + 104. Let k(x) = -7 - 3*x - 2 + 2*x. Let l be k(w). Determine p(l).
-6
Let c(o) = -6*o - 1. Suppose 3*r + 3*u = 2 - 11, 4*r + 5*u + 13 = 0. Determine c(r).
11
Let o(v) = -3*v**2 - 8*v + 11. Let z(a) = a**2 - a. Let q(j) = o(j) + 4*z(j). Let l be q(11). Let d(n) = -n**3 - 6. What is d(l)?
-6
Let a(d) = -3*d**3 - 16*d**2 + 25*d + 11. Let u(j) = j**3 - 5*j**2 + 4 - j**3 + 8*j - j**3. Suppose -3*h + 1 = -5. Let n(s) = h*a(s) - 7*u(s). Determine n(-4).
2
Let z(k) be the second derivative of -k**8/6720 + k**7/420 - k**6/120 - k**5/60 - k**4/12 - k. Let y(h) be the third derivative of z(h). What is y(5)?
-7
Suppose 7 = 3*l + s - 2*s, -5*l + 7 = 3*s. Let k(q) = -q**l + 0 + 0 + 2 + q. Determine k(3).
-4
Let r be (3/(-6))/((-2)/(-24)). Let u(w) = w. Give u(r).
-6
Let b be (3 + (0 - 1))/(-2). Let i(y) = y + 1. Let h be i(-2). Let v be h + 3 + b/(-1). Let n(k) = -k**2 + 3*k. Give n(v).
0
Let u(i) = 2*i - 6. Let a(y) be the first derivative of y**3/3 - y**2/2 - 7*y - 2. Let t be a(5). Let p = t - 8. What is u(p)?
4
Let w(b) = b - 1. Suppose c + 2*c + 11 = v, c = -4*v - 8. Determine w(v).
-2
Let a(y) = 10*y**3 + 3*y**2 - 4*y. Let p(s) = s**2 - s. Let b(l) = a(l) - 3*p(l). Give b(-1).
-9
Let b(l) = 4*l - 1 + 2 + 0*l. Let t be 1/3*15 + -4. Determine b(t).
5
Let m(l) = -7*l**2 - 8*l + 5. Let j(p) = -3*p**2 - 4*p + 2. Let x(q) = -9*j(q) + 4*m(q). What is x(4)?
2
Suppose g - 4 = -3*r, 5*g = -0*r - 2*r - 6. Let b(z) = 4*z**2 + 2*z - 3. Calculate b(r).
17
Suppose 9 + 0 = 3*h. Suppose 2*s - 3*p = -7, -3*p + 4*p + 16 = -h*s. Let a = -2 - s. Let z(q) = -q**3 + 3*q**2 + 4. Calculate z(a).
4
Let p(b) be the first derivative of b**3/3 - 11*b**2/2 - 9*b + 39. Give p(12).
3
Let x(o) = -o**3 + 5*o**2 + 2*o - 4. Let g(k) = -k**3 + 6*k**2 + 3*k - 5. Let a(j) = 3*g(j) - 4*x(j). Let q be a(2). Let c(l) = l - 1. Calculate c(q).
2
Let h(m) = -2*m**3 - m**2 + 2*m. Let k be h(2). Let g be k/(-14) + 3/(-21). Let i(y) = y**3 - y. What is i(g)?
0
Suppose 4*x - 5*x = 3*v + 5, 11 = x - v. Let i(s) = -s - 4. Calculate i(x).
-11
Let c be (-3 + 1)/(0 - -1). Let q be c - -4*1*2. Let b(d) = 7*d - 1 - 2*d - q*d. Give b(2).
-3
Let a(t) = t**3 - 3*t**2 + t + 1. Suppose 2*r - 3*r = -6. Let c be (-2)/((-16)/r)*4. Give a(c).
4
Let d be (3/6)/(1/2). Let o(w) = 14*w + 1. Let n(j) = 41*j + 3. Let g(l) = -6*n(l) + 17*o(l). Give g(d).
-9
Let a(g) = g**3 - 3*g**2 - 6*g + 4. Let k = 17 + -13. What is a(k)?
-4
Let x(f) = f**2 - 6*f + 7. Suppose 14 = -5*a + 39. Let y be x(a). Let o(w) = -w**3 + 3*w**2 - 3*w + 3. Give o(y).
1
Let y = 15 + -15. Suppose 0 = 2*s + 2*o + 2*o - 28, 5*s + 2*o - 38 = y. Let n(g) = g + 3. Give n(s).
9
Let t(y) be the first derivative of -y**4/4 - 2*y**3 + 7*y + 6. Give t(-6).
7
Let p(s) be the second derivative of -s**4/6 - s**3/6 + s**2/2 + 28*s. Calculate p(-3).
-14
Let f(q) = -4*q**3 + 6*q**2 + 5*q - 7. Let b(g) = g**3 + 1. Let v(k) = 5*b(k) + f(k). Let a be (-3)/15 + (-22)/(-10). Suppose 7*l + 25 = a*l. Determine v(l).
-2
Suppose 2 = -3*y + 8, i + 4*y = 6. Let r(k) = -k**2 - 2*k + 2. Let w(u) = u**2 + u - 1. Let x(f) = i*r(f) - 3*w(f). Calculate x(3).
-7
Let y(w) = -w**3 - w**2 - 3. Let g be y(-2). Suppose g = -3*n - 14. Let a(x) = -x**2 - 4*x + 1. Determine a(n).
-4
Let n(l) be the second derivative of -l**5/20 - l**4/2 - l**3 - l. Suppose 52 - 19 = 3*h. Let d = h + -16. Give n(d).
5
Let t(u) = -5*u + 2. Let j be (-10)/35 + (-69)/(-21). Give t(j).
-13
Suppose -10 = 2*i, 9*h - 4*h = 5*i + 40. Let u(s) be the first derivative of 3 - 3*s - 1/3*s**3 + 2*s**2. Give u(h).
0
Let g(f) = -f**3 - f**2 - 3. Let p be g(0). Let j = p - -6. Let i(a) = -a + 1. What is i(j)?
-2
Let b = 0 + 1. Let x(s) be the second derivative of -5*s**4/12 - s**3/3 + s**2/2 + 83*s. Give x(b).
-6
Let k(v) = v + 7. Let f be k(-3). Let j(z) = -3*z + 10. Let s be j(f). Let y(h) = 2*h**2 + 3*h + 1. Give y(s).
3
Let i = 2 + 3. Let t(o) = 3*o - 2. Let n(d) = 4*d - 3. Let l(c) = -5*n(c) + 7*t(c). Calculate l(i).
6
Let o = 6 + -3. Let g(m) = m**2 - o*m - 4*m + 1 - 9*m + 23*m. What is g(-3)?
-11
Let z(r) = 1. Let l(v) = -v + 2. Let w(d) = 3*l(d) - 4*z(d). Determine w(-3).
11
Let m(b) be the second derivative of -b**4/12 - b**3/6 + 9*b**2/2 + 2*b + 14. Suppose 0 = 7*x - 2*x. What is m(x)?
9
Let f(y) be the first derivative of y**7/840 + y**6/60 + y**5/24 - 5*y**4/24 - y**3/3 - 3. Let n(h) be the third derivative of f(h). Determine n(-5).
-5
Let c(v) = -v**2 - 6*v - 5. Let l be (6/8)/((-3)/24). Determine c(l).
-5
Let w(v) = -4 + 5 + v + 0 + 6*v**2 + 0. Calculate w(-1).
6
Let q(x) be the second